{"id":54,"date":"2023-10-20T15:36:28","date_gmt":"2023-10-20T15:36:28","guid":{"rendered":"https:\/\/martcraft.eu\/?page_id=54"},"modified":"2024-07-12T17:53:27","modified_gmt":"2024-07-12T17:53:27","slug":"oltarza","status":"publish","type":"page","link":"https:\/\/martcraft.eu\/index.php\/oltarza\/","title":{"rendered":"Konserwacja o\u0142tarza g\u0142\u00f3wnego w Czermnie"},"content":{"rendered":"\n<p>\u2003\u2003\u2003\u2003<font size=\"4\">Konserwacja o\u0142tarza g\u0142\u00f3wnego w ko\u015bciele p.w. Nawiedzenia NMP i \u015aw. Miko\u0142aja w Czermnie obejmowa\u0142a nastaw\u0119 drewnian\u0105, z\u0142ocon\u0105 i polichromowan\u0105, kamienn\u0105 mens\u0119 sarkofagow\u0105, tabernakulum, dwie polichromowane rze\u017aby oraz obraz olejny autorstwa Boles\u0142awa \u0141aszczy\u0144skiego.<\/p>\n\n\n\n<!-- index.php -->\n<div\n\tclass=\"ngg-galleryoverview\"\n\tid=\"ngg-gallery-a9da136992ff989a6682ef0bee543ba9-1\">\n\n    \t\t<!-- Thumbnails -->\n\t\t\t\t<div id=\"ngg-image-0\" class=\"ngg-gallery-thumbnail-box\" >\n\t\t\t\t        <div class=\"ngg-gallery-thumbnail\">\n            <a href=\"https:\/\/martcraft.eu\/wp-content\/gallery\/konserwacja-oltarza\/OLTARZ-GLOWNY-DREWNO-POLICHROMOWANE-I-ZLOCONE-1878-1903.jpg\"\n               title=\"\"\n               data-src=\"https:\/\/martcraft.eu\/wp-content\/gallery\/konserwacja-oltarza\/OLTARZ-GLOWNY-DREWNO-POLICHROMOWANE-I-ZLOCONE-1878-1903.jpg\"\n               data-thumbnail=\"https:\/\/martcraft.eu\/wp-content\/gallery\/konserwacja-oltarza\/thumbs\/thumbs_OLTARZ-GLOWNY-DREWNO-POLICHROMOWANE-I-ZLOCONE-1878-1903.jpg\"\n               data-image-id=\"644\"\n               data-title=\"OLTARZ-GLOWNY-DREWNO-POLICHROMOWANE-I-ZLOCONE-1878-1903\"\n               data-description=\"\"\n               data-image-slug=\"oltarz-glowny-drewno-polichromowane-i-zlocone-1878-1903-3\"\n               class=\"ngg-simplelightbox\" rel=\"a9da136992ff989a6682ef0bee543ba9\">\n                <img\n                    title=\"OLTARZ-GLOWNY-DREWNO-POLICHROMOWANE-I-ZLOCONE-1878-1903\"\n                    alt=\"OLTARZ-GLOWNY-DREWNO-POLICHROMOWANE-I-ZLOCONE-1878-1903\"\n                    src=\"https:\/\/martcraft.eu\/wp-content\/gallery\/konserwacja-oltarza\/thumbs\/thumbs_OLTARZ-GLOWNY-DREWNO-POLICHROMOWANE-I-ZLOCONE-1878-1903.jpg\"\n                    width=\"240\"\n                    height=\"160\"\n                    style=\"max-width:100%;\"\n                \/>\n            <\/a>\n        <\/div>\n\t\t\t\t\t\t\t<\/div> \n\t\t\t\n        \n\t\t\t\t<div id=\"ngg-image-1\" class=\"ngg-gallery-thumbnail-box\" >\n\t\t\t\t        <div class=\"ngg-gallery-thumbnail\">\n            <a href=\"https:\/\/martcraft.eu\/wp-content\/gallery\/konserwacja-oltarza\/OLTARZ-GLOWNY-DREWNO-POLICHROMOWANE-I-ZLOCONE-1878-1903-2.JPG\"\n               title=\"\"\n               data-src=\"https:\/\/martcraft.eu\/wp-content\/gallery\/konserwacja-oltarza\/OLTARZ-GLOWNY-DREWNO-POLICHROMOWANE-I-ZLOCONE-1878-1903-2.JPG\"\n               data-thumbnail=\"https:\/\/martcraft.eu\/wp-content\/gallery\/konserwacja-oltarza\/thumbs\/thumbs_OLTARZ-GLOWNY-DREWNO-POLICHROMOWANE-I-ZLOCONE-1878-1903-2.JPG\"\n               data-image-id=\"641\"\n               data-title=\"OLTARZ-GLOWNY-DREWNO-POLICHROMOWANE-I-ZLOCONE-1878-1903-2\"\n               data-description=\"\"\n               data-image-slug=\"oltarz-glowny-drewno-polichromowane-i-zlocone-1878-1903-2\"\n               class=\"ngg-simplelightbox\" rel=\"a9da136992ff989a6682ef0bee543ba9\">\n                <img\n                    title=\"OLTARZ-GLOWNY-DREWNO-POLICHROMOWANE-I-ZLOCONE-1878-1903-2\"\n                    alt=\"OLTARZ-GLOWNY-DREWNO-POLICHROMOWANE-I-ZLOCONE-1878-1903-2\"\n                    src=\"https:\/\/martcraft.eu\/wp-content\/gallery\/konserwacja-oltarza\/thumbs\/thumbs_OLTARZ-GLOWNY-DREWNO-POLICHROMOWANE-I-ZLOCONE-1878-1903-2.JPG\"\n                    width=\"240\"\n                    height=\"160\"\n                    style=\"max-width:100%;\"\n                \/>\n            <\/a>\n        <\/div>\n\t\t\t\t\t\t\t<\/div> \n\t\t\t\n        \n\t\t\t\t<div id=\"ngg-image-2\" class=\"ngg-gallery-thumbnail-box\" >\n\t\t\t\t        <div class=\"ngg-gallery-thumbnail\">\n            <a href=\"https:\/\/martcraft.eu\/wp-content\/gallery\/konserwacja-oltarza\/NAWIEDZENIE-SW.-ELZBIETY-BOLESLAW-LASZCZYNSKI-OLEJ-NA-PLOTNIE-1878-1903.jpg\"\n               title=\"\"\n               data-src=\"https:\/\/martcraft.eu\/wp-content\/gallery\/konserwacja-oltarza\/NAWIEDZENIE-SW.-ELZBIETY-BOLESLAW-LASZCZYNSKI-OLEJ-NA-PLOTNIE-1878-1903.jpg\"\n               data-thumbnail=\"https:\/\/martcraft.eu\/wp-content\/gallery\/konserwacja-oltarza\/thumbs\/thumbs_NAWIEDZENIE-SW.-ELZBIETY-BOLESLAW-LASZCZYNSKI-OLEJ-NA-PLOTNIE-1878-1903.jpg\"\n               data-image-id=\"643\"\n               data-title=\"NAWIEDZENIE-SW.-ELZBIETY-BOLESLAW-LASZCZYNSKI-OLEJ-NA-PLOTNIE-1878-1903\"\n               data-description=\"\"\n               data-image-slug=\"nawiedzenie-sw-elzbiety-boleslaw-laszczynski-olej-na-plotnie-1878-1903\"\n               class=\"ngg-simplelightbox\" rel=\"a9da136992ff989a6682ef0bee543ba9\">\n                <img\n                    title=\"NAWIEDZENIE-SW.-ELZBIETY-BOLESLAW-LASZCZYNSKI-OLEJ-NA-PLOTNIE-1878-1903\"\n                    alt=\"NAWIEDZENIE-SW.-ELZBIETY-BOLESLAW-LASZCZYNSKI-OLEJ-NA-PLOTNIE-1878-1903\"\n                    src=\"https:\/\/martcraft.eu\/wp-content\/gallery\/konserwacja-oltarza\/thumbs\/thumbs_NAWIEDZENIE-SW.-ELZBIETY-BOLESLAW-LASZCZYNSKI-OLEJ-NA-PLOTNIE-1878-1903.jpg\"\n                    width=\"240\"\n                    height=\"160\"\n                    style=\"max-width:100%;\"\n                \/>\n            <\/a>\n        <\/div>\n\t\t\t\t\t\t\t<\/div> \n\t\t\t\n        \n\t\t\t\t<div id=\"ngg-image-3\" class=\"ngg-gallery-thumbnail-box\" >\n\t\t\t\t        <div class=\"ngg-gallery-thumbnail\">\n            <a href=\"https:\/\/martcraft.eu\/wp-content\/gallery\/konserwacja-oltarza\/OLTARZ-GLOWNY-FRAGMENT-DREWNO-POLICHROMOWANE-I-ZLOCONE-1878-1903.JPG\"\n               title=\"\"\n               data-src=\"https:\/\/martcraft.eu\/wp-content\/gallery\/konserwacja-oltarza\/OLTARZ-GLOWNY-FRAGMENT-DREWNO-POLICHROMOWANE-I-ZLOCONE-1878-1903.JPG\"\n               data-thumbnail=\"https:\/\/martcraft.eu\/wp-content\/gallery\/konserwacja-oltarza\/thumbs\/thumbs_OLTARZ-GLOWNY-FRAGMENT-DREWNO-POLICHROMOWANE-I-ZLOCONE-1878-1903.JPG\"\n               data-image-id=\"640\"\n               data-title=\"OLTARZ-GLOWNY-FRAGMENT-DREWNO-POLICHROMOWANE-I-ZLOCONE-1878-1903\"\n               data-description=\"\"\n               data-image-slug=\"oltarz-glowny-fragment-drewno-polichromowane-i-zlocone-1878-1903\"\n               class=\"ngg-simplelightbox\" rel=\"a9da136992ff989a6682ef0bee543ba9\">\n                <img\n                    title=\"OLTARZ-GLOWNY-FRAGMENT-DREWNO-POLICHROMOWANE-I-ZLOCONE-1878-1903\"\n                    alt=\"OLTARZ-GLOWNY-FRAGMENT-DREWNO-POLICHROMOWANE-I-ZLOCONE-1878-1903\"\n                    src=\"https:\/\/martcraft.eu\/wp-content\/gallery\/konserwacja-oltarza\/thumbs\/thumbs_OLTARZ-GLOWNY-FRAGMENT-DREWNO-POLICHROMOWANE-I-ZLOCONE-1878-1903.JPG\"\n                    width=\"240\"\n                    height=\"160\"\n                    style=\"max-width:100%;\"\n                \/>\n            <\/a>\n        <\/div>\n\t\t\t\t\t\t\t<\/div> \n\t\t\t\n        \n\t\t\t\t<div id=\"ngg-image-4\" class=\"ngg-gallery-thumbnail-box\" >\n\t\t\t\t        <div class=\"ngg-gallery-thumbnail\">\n            <a href=\"https:\/\/martcraft.eu\/wp-content\/gallery\/konserwacja-oltarza\/TABERNAKULUM-METAL-I-DREWNO-POLICHROMOWANE-ZLOCONE-SREBRZONE-1878-1903.jpg\"\n               title=\"\"\n               data-src=\"https:\/\/martcraft.eu\/wp-content\/gallery\/konserwacja-oltarza\/TABERNAKULUM-METAL-I-DREWNO-POLICHROMOWANE-ZLOCONE-SREBRZONE-1878-1903.jpg\"\n               data-thumbnail=\"https:\/\/martcraft.eu\/wp-content\/gallery\/konserwacja-oltarza\/thumbs\/thumbs_TABERNAKULUM-METAL-I-DREWNO-POLICHROMOWANE-ZLOCONE-SREBRZONE-1878-1903.jpg\"\n               data-image-id=\"653\"\n               data-title=\"TABERNAKULUM-METAL-I-DREWNO-POLICHROMOWANE-ZLOCONE-SREBRZONE-1878-1903\"\n               data-description=\"\"\n               data-image-slug=\"tabernakulum-metal-i-drewno-polichromowane-zlocone-srebrzone-1878-1903\"\n               class=\"ngg-simplelightbox\" rel=\"a9da136992ff989a6682ef0bee543ba9\">\n                <img\n                    title=\"TABERNAKULUM-METAL-I-DREWNO-POLICHROMOWANE-ZLOCONE-SREBRZONE-1878-1903\"\n                    alt=\"TABERNAKULUM-METAL-I-DREWNO-POLICHROMOWANE-ZLOCONE-SREBRZONE-1878-1903\"\n                    src=\"https:\/\/martcraft.eu\/wp-content\/gallery\/konserwacja-oltarza\/thumbs\/thumbs_TABERNAKULUM-METAL-I-DREWNO-POLICHROMOWANE-ZLOCONE-SREBRZONE-1878-1903.jpg\"\n                    width=\"240\"\n                    height=\"160\"\n                    style=\"max-width:100%;\"\n                \/>\n            <\/a>\n        <\/div>\n\t\t\t\t\t\t\t<\/div> \n\t\t\t\n        \n\t\t\t\t<div id=\"ngg-image-5\" class=\"ngg-gallery-thumbnail-box\" >\n\t\t\t\t        <div class=\"ngg-gallery-thumbnail\">\n            <a href=\"https:\/\/martcraft.eu\/wp-content\/gallery\/konserwacja-oltarza\/MENSA-OLTARZOWA.JPG\"\n               title=\"\"\n               data-src=\"https:\/\/martcraft.eu\/wp-content\/gallery\/konserwacja-oltarza\/MENSA-OLTARZOWA.JPG\"\n               data-thumbnail=\"https:\/\/martcraft.eu\/wp-content\/gallery\/konserwacja-oltarza\/thumbs\/thumbs_MENSA-OLTARZOWA.JPG\"\n               data-image-id=\"639\"\n               data-title=\"MENSA-OLTARZOWA\"\n               data-description=\"\"\n               data-image-slug=\"mensa-oltarzowa\"\n               class=\"ngg-simplelightbox\" rel=\"a9da136992ff989a6682ef0bee543ba9\">\n                <img\n                    title=\"MENSA-OLTARZOWA\"\n                    alt=\"MENSA-OLTARZOWA\"\n                    src=\"https:\/\/martcraft.eu\/wp-content\/gallery\/konserwacja-oltarza\/thumbs\/thumbs_MENSA-OLTARZOWA.JPG\"\n                    width=\"240\"\n                    height=\"160\"\n                    style=\"max-width:100%;\"\n                \/>\n            <\/a>\n        <\/div>\n\t\t\t\t\t\t\t<\/div> \n\t\t\t\n        \n\t\t\t\t<div id=\"ngg-image-6\" class=\"ngg-gallery-thumbnail-box\" >\n\t\t\t\t        <div class=\"ngg-gallery-thumbnail\">\n            <a href=\"https:\/\/martcraft.eu\/wp-content\/gallery\/konserwacja-oltarza\/POLICHROMOWANA-RZEZBA-SWIETEGO-PIOTRA-1878-1903.jpg\"\n               title=\"\"\n               data-src=\"https:\/\/martcraft.eu\/wp-content\/gallery\/konserwacja-oltarza\/POLICHROMOWANA-RZEZBA-SWIETEGO-PIOTRA-1878-1903.jpg\"\n               data-thumbnail=\"https:\/\/martcraft.eu\/wp-content\/gallery\/konserwacja-oltarza\/thumbs\/thumbs_POLICHROMOWANA-RZEZBA-SWIETEGO-PIOTRA-1878-1903.jpg\"\n               data-image-id=\"650\"\n               data-title=\"POLICHROMOWANA-RZEZBA-SWIETEGO-PIOTRA-1878-1903\"\n               data-description=\"\"\n               data-image-slug=\"polichromowana-rzezba-swietego-piotra-1878-1903-3\"\n               class=\"ngg-simplelightbox\" rel=\"a9da136992ff989a6682ef0bee543ba9\">\n                <img\n                    title=\"POLICHROMOWANA-RZEZBA-SWIETEGO-PIOTRA-1878-1903\"\n                    alt=\"POLICHROMOWANA-RZEZBA-SWIETEGO-PIOTRA-1878-1903\"\n                    src=\"https:\/\/martcraft.eu\/wp-content\/gallery\/konserwacja-oltarza\/thumbs\/thumbs_POLICHROMOWANA-RZEZBA-SWIETEGO-PIOTRA-1878-1903.jpg\"\n                    width=\"240\"\n                    height=\"160\"\n                    style=\"max-width:100%;\"\n                \/>\n            <\/a>\n        <\/div>\n\t\t\t\t\t\t\t<\/div> \n\t\t\t\n        \n\t\t\t\t<div id=\"ngg-image-7\" class=\"ngg-gallery-thumbnail-box\" >\n\t\t\t\t        <div class=\"ngg-gallery-thumbnail\">\n            <a href=\"https:\/\/martcraft.eu\/wp-content\/gallery\/konserwacja-oltarza\/POLICHROMOWANA-RZEZBA-SWIETEGO-PAWLA-1878-1903-2.JPG\"\n               title=\"\"\n               data-src=\"https:\/\/martcraft.eu\/wp-content\/gallery\/konserwacja-oltarza\/POLICHROMOWANA-RZEZBA-SWIETEGO-PAWLA-1878-1903-2.JPG\"\n               data-thumbnail=\"https:\/\/martcraft.eu\/wp-content\/gallery\/konserwacja-oltarza\/thumbs\/thumbs_POLICHROMOWANA-RZEZBA-SWIETEGO-PAWLA-1878-1903-2.JPG\"\n               data-image-id=\"642\"\n               data-title=\"POLICHROMOWANA-RZEZBA-SWIETEGO-PAWLA-1878-1903-2\"\n               data-description=\"\"\n               data-image-slug=\"polichromowana-rzezba-swietego-pawla-1878-1903-2\"\n               class=\"ngg-simplelightbox\" rel=\"a9da136992ff989a6682ef0bee543ba9\">\n                <img\n                    title=\"POLICHROMOWANA-RZEZBA-SWIETEGO-PAWLA-1878-1903-2\"\n                    alt=\"POLICHROMOWANA-RZEZBA-SWIETEGO-PAWLA-1878-1903-2\"\n                    src=\"https:\/\/martcraft.eu\/wp-content\/gallery\/konserwacja-oltarza\/thumbs\/thumbs_POLICHROMOWANA-RZEZBA-SWIETEGO-PAWLA-1878-1903-2.JPG\"\n                    width=\"240\"\n                    height=\"160\"\n                    style=\"max-width:100%;\"\n                \/>\n            <\/a>\n        <\/div>\n\t\t\t\t\t\t\t<\/div> \n\t\t\t\n        \n\t\t\t\t<div id=\"ngg-image-8\" class=\"ngg-gallery-thumbnail-box\" >\n\t\t\t\t        <div class=\"ngg-gallery-thumbnail\">\n            <a href=\"https:\/\/martcraft.eu\/wp-content\/gallery\/konserwacja-oltarza\/ZDJECIE-W-TRAKCIE-PRACY-OCZYSZCZANIE-MOSIADZU-Z-WARSTWY-LAKIERU-I-SZLAGMETALU.jpg\"\n               title=\"\"\n               data-src=\"https:\/\/martcraft.eu\/wp-content\/gallery\/konserwacja-oltarza\/ZDJECIE-W-TRAKCIE-PRACY-OCZYSZCZANIE-MOSIADZU-Z-WARSTWY-LAKIERU-I-SZLAGMETALU.jpg\"\n               data-thumbnail=\"https:\/\/martcraft.eu\/wp-content\/gallery\/konserwacja-oltarza\/thumbs\/thumbs_ZDJECIE-W-TRAKCIE-PRACY-OCZYSZCZANIE-MOSIADZU-Z-WARSTWY-LAKIERU-I-SZLAGMETALU.jpg\"\n               data-image-id=\"649\"\n               data-title=\"ZDJECIE-W-TRAKCIE-PRACY-OCZYSZCZANIE-MOSIADZU-Z-WARSTWY-LAKIERU-I-SZLAGMETALU\"\n               data-description=\"\"\n               data-image-slug=\"zdjecie-w-trakcie-pracy-oczyszczanie-mosiadzu-z-warstwy-lakieru-i-szlagmetalu\"\n               class=\"ngg-simplelightbox\" rel=\"a9da136992ff989a6682ef0bee543ba9\">\n                <img\n                    title=\"ZDJECIE-W-TRAKCIE-PRACY-OCZYSZCZANIE-MOSIADZU-Z-WARSTWY-LAKIERU-I-SZLAGMETALU\"\n                    alt=\"ZDJECIE-W-TRAKCIE-PRACY-OCZYSZCZANIE-MOSIADZU-Z-WARSTWY-LAKIERU-I-SZLAGMETALU\"\n                    src=\"https:\/\/martcraft.eu\/wp-content\/gallery\/konserwacja-oltarza\/thumbs\/thumbs_ZDJECIE-W-TRAKCIE-PRACY-OCZYSZCZANIE-MOSIADZU-Z-WARSTWY-LAKIERU-I-SZLAGMETALU.jpg\"\n                    width=\"240\"\n                    height=\"160\"\n                    style=\"max-width:100%;\"\n                \/>\n            <\/a>\n        <\/div>\n\t\t\t\t\t\t\t<\/div> \n\t\t\t\n        \n\t\t\t\t<div id=\"ngg-image-9\" class=\"ngg-gallery-thumbnail-box\" >\n\t\t\t\t        <div class=\"ngg-gallery-thumbnail\">\n            <a href=\"https:\/\/martcraft.eu\/wp-content\/gallery\/konserwacja-oltarza\/ZDJECIE-W-TRAKCIE-PRACY-OCZYSZCZANIE-MALOWIDLA-Z-POZOLKLEGO-WERNIKSU.jpg\"\n               title=\"\"\n               data-src=\"https:\/\/martcraft.eu\/wp-content\/gallery\/konserwacja-oltarza\/ZDJECIE-W-TRAKCIE-PRACY-OCZYSZCZANIE-MALOWIDLA-Z-POZOLKLEGO-WERNIKSU.jpg\"\n               data-thumbnail=\"https:\/\/martcraft.eu\/wp-content\/gallery\/konserwacja-oltarza\/thumbs\/thumbs_ZDJECIE-W-TRAKCIE-PRACY-OCZYSZCZANIE-MALOWIDLA-Z-POZOLKLEGO-WERNIKSU.jpg\"\n               data-image-id=\"645\"\n               data-title=\"ZDJECIE-W-TRAKCIE-PRACY-OCZYSZCZANIE-MALOWIDLA-Z-POZOLKLEGO-WERNIKSU\"\n               data-description=\"\"\n               data-image-slug=\"zdjecie-w-trakcie-pracy-oczyszczanie-malowidla-z-pozolklego-werniksu\"\n               class=\"ngg-simplelightbox\" rel=\"a9da136992ff989a6682ef0bee543ba9\">\n                <img\n                    title=\"ZDJECIE-W-TRAKCIE-PRACY-OCZYSZCZANIE-MALOWIDLA-Z-POZOLKLEGO-WERNIKSU\"\n                    alt=\"ZDJECIE-W-TRAKCIE-PRACY-OCZYSZCZANIE-MALOWIDLA-Z-POZOLKLEGO-WERNIKSU\"\n                    src=\"https:\/\/martcraft.eu\/wp-content\/gallery\/konserwacja-oltarza\/thumbs\/thumbs_ZDJECIE-W-TRAKCIE-PRACY-OCZYSZCZANIE-MALOWIDLA-Z-POZOLKLEGO-WERNIKSU.jpg\"\n                    width=\"240\"\n                    height=\"160\"\n                    style=\"max-width:100%;\"\n                \/>\n            <\/a>\n        <\/div>\n\t\t\t\t\t\t\t<\/div> \n\t\t\t\n        \n\t\t\t\t<div id=\"ngg-image-10\" class=\"ngg-gallery-thumbnail-box\" >\n\t\t\t\t        <div class=\"ngg-gallery-thumbnail\">\n            <a href=\"https:\/\/martcraft.eu\/wp-content\/gallery\/konserwacja-oltarza\/POLICHROMOWANA-RZEZBA-SWIETEGO-PAWLA-1878-1903.JPG\"\n               title=\"\"\n               data-src=\"https:\/\/martcraft.eu\/wp-content\/gallery\/konserwacja-oltarza\/POLICHROMOWANA-RZEZBA-SWIETEGO-PAWLA-1878-1903.JPG\"\n               data-thumbnail=\"https:\/\/martcraft.eu\/wp-content\/gallery\/konserwacja-oltarza\/thumbs\/thumbs_POLICHROMOWANA-RZEZBA-SWIETEGO-PAWLA-1878-1903.JPG\"\n               data-image-id=\"646\"\n               data-title=\"POLICHROMOWANA-RZEZBA-SWIETEGO-PAWLA-1878-1903\"\n               data-description=\"\"\n               data-image-slug=\"polichromowana-rzezba-swietego-pawla-1878-1903-3\"\n               class=\"ngg-simplelightbox\" rel=\"a9da136992ff989a6682ef0bee543ba9\">\n                <img\n                    title=\"POLICHROMOWANA-RZEZBA-SWIETEGO-PAWLA-1878-1903\"\n                    alt=\"POLICHROMOWANA-RZEZBA-SWIETEGO-PAWLA-1878-1903\"\n                    src=\"https:\/\/martcraft.eu\/wp-content\/gallery\/konserwacja-oltarza\/thumbs\/thumbs_POLICHROMOWANA-RZEZBA-SWIETEGO-PAWLA-1878-1903.JPG\"\n                    width=\"240\"\n                    height=\"160\"\n                    style=\"max-width:100%;\"\n                \/>\n            <\/a>\n        <\/div>\n\t\t\t\t\t\t\t<\/div> \n\t\t\t\n        \n\t\t\t\t<div id=\"ngg-image-11\" class=\"ngg-gallery-thumbnail-box\" >\n\t\t\t\t        <div class=\"ngg-gallery-thumbnail\">\n            <a href=\"https:\/\/martcraft.eu\/wp-content\/gallery\/konserwacja-oltarza\/ZDJECIE-W-TRAKCIE-PRACY-OCZYSZCZANIE-MENSY-OLTARZOWEJ.jpg\"\n               title=\"\"\n               data-src=\"https:\/\/martcraft.eu\/wp-content\/gallery\/konserwacja-oltarza\/ZDJECIE-W-TRAKCIE-PRACY-OCZYSZCZANIE-MENSY-OLTARZOWEJ.jpg\"\n               data-thumbnail=\"https:\/\/martcraft.eu\/wp-content\/gallery\/konserwacja-oltarza\/thumbs\/thumbs_ZDJECIE-W-TRAKCIE-PRACY-OCZYSZCZANIE-MENSY-OLTARZOWEJ.jpg\"\n               data-image-id=\"647\"\n               data-title=\"ZDJECIE-W-TRAKCIE-PRACY-OCZYSZCZANIE-MENSY-OLTARZOWEJ\"\n               data-description=\"\"\n               data-image-slug=\"zdjecie-w-trakcie-pracy-oczyszczanie-mensy-oltarzowej\"\n               class=\"ngg-simplelightbox\" rel=\"a9da136992ff989a6682ef0bee543ba9\">\n                <img\n                    title=\"ZDJECIE-W-TRAKCIE-PRACY-OCZYSZCZANIE-MENSY-OLTARZOWEJ\"\n                    alt=\"ZDJECIE-W-TRAKCIE-PRACY-OCZYSZCZANIE-MENSY-OLTARZOWEJ\"\n                    src=\"https:\/\/martcraft.eu\/wp-content\/gallery\/konserwacja-oltarza\/thumbs\/thumbs_ZDJECIE-W-TRAKCIE-PRACY-OCZYSZCZANIE-MENSY-OLTARZOWEJ.jpg\"\n                    width=\"240\"\n                    height=\"160\"\n                    style=\"max-width:100%;\"\n                \/>\n            <\/a>\n        <\/div>\n\t\t\t\t\t\t\t<\/div> \n\t\t\t\n        \n\t\t\t\t<div id=\"ngg-image-12\" class=\"ngg-gallery-thumbnail-box\" style=\"display: none;\">\n\t\t\t\t        <div class=\"ngg-gallery-thumbnail\">\n            <a href=\"https:\/\/martcraft.eu\/wp-content\/gallery\/konserwacja-oltarza\/POLICHROMOWANA-RZEZBA-SWIETEGO-PIOTRA-1878-1903-2.JPG\"\n               title=\"\"\n               data-src=\"https:\/\/martcraft.eu\/wp-content\/gallery\/konserwacja-oltarza\/POLICHROMOWANA-RZEZBA-SWIETEGO-PIOTRA-1878-1903-2.JPG\"\n               data-thumbnail=\"https:\/\/martcraft.eu\/wp-content\/gallery\/konserwacja-oltarza\/thumbs\/thumbs_POLICHROMOWANA-RZEZBA-SWIETEGO-PIOTRA-1878-1903-2.JPG\"\n               data-image-id=\"648\"\n               data-title=\"POLICHROMOWANA-RZEZBA-SWIETEGO-PIOTRA-1878-1903-2\"\n               data-description=\"\"\n               data-image-slug=\"polichromowana-rzezba-swietego-piotra-1878-1903-2\"\n               class=\"ngg-simplelightbox\" rel=\"a9da136992ff989a6682ef0bee543ba9\">\n                <img\n                    title=\"POLICHROMOWANA-RZEZBA-SWIETEGO-PIOTRA-1878-1903-2\"\n                    alt=\"POLICHROMOWANA-RZEZBA-SWIETEGO-PIOTRA-1878-1903-2\"\n                    src=\"https:\/\/martcraft.eu\/wp-content\/gallery\/konserwacja-oltarza\/thumbs\/thumbs_POLICHROMOWANA-RZEZBA-SWIETEGO-PIOTRA-1878-1903-2.JPG\"\n                    width=\"240\"\n                    height=\"160\"\n                    style=\"max-width:100%;\"\n                \/>\n            <\/a>\n        <\/div>\n\t\t\t\t\t\t\t<\/div> \n\t\t\t\n        \n\t\t\t\t<div id=\"ngg-image-13\" class=\"ngg-gallery-thumbnail-box\" style=\"display: none;\">\n\t\t\t\t        <div class=\"ngg-gallery-thumbnail\">\n            <a href=\"https:\/\/martcraft.eu\/wp-content\/gallery\/konserwacja-oltarza\/ZDJECIE-W-TRAKCIE-PRACY-RETUSZOWANIE-UBYTKOW-WARSTWY-MALARSKIEJ.jpg\"\n               title=\"\"\n               data-src=\"https:\/\/martcraft.eu\/wp-content\/gallery\/konserwacja-oltarza\/ZDJECIE-W-TRAKCIE-PRACY-RETUSZOWANIE-UBYTKOW-WARSTWY-MALARSKIEJ.jpg\"\n               data-thumbnail=\"https:\/\/martcraft.eu\/wp-content\/gallery\/konserwacja-oltarza\/thumbs\/thumbs_ZDJECIE-W-TRAKCIE-PRACY-RETUSZOWANIE-UBYTKOW-WARSTWY-MALARSKIEJ.jpg\"\n               data-image-id=\"651\"\n               data-title=\"ZDJECIE-W-TRAKCIE-PRACY-RETUSZOWANIE-UBYTKOW-WARSTWY-MALARSKIEJ\"\n               data-description=\"\"\n               data-image-slug=\"zdjecie-w-trakcie-pracy-retuszowanie-ubytkow-warstwy-malarskiej\"\n               class=\"ngg-simplelightbox\" rel=\"a9da136992ff989a6682ef0bee543ba9\">\n                <img\n                    title=\"ZDJECIE-W-TRAKCIE-PRACY-RETUSZOWANIE-UBYTKOW-WARSTWY-MALARSKIEJ\"\n                    alt=\"ZDJECIE-W-TRAKCIE-PRACY-RETUSZOWANIE-UBYTKOW-WARSTWY-MALARSKIEJ\"\n                    src=\"https:\/\/martcraft.eu\/wp-content\/gallery\/konserwacja-oltarza\/thumbs\/thumbs_ZDJECIE-W-TRAKCIE-PRACY-RETUSZOWANIE-UBYTKOW-WARSTWY-MALARSKIEJ.jpg\"\n                    width=\"240\"\n                    height=\"160\"\n                    style=\"max-width:100%;\"\n                \/>\n            <\/a>\n        <\/div>\n\t\t\t\t\t\t\t<\/div> \n\t\t\t\n        \n\t\t\t\t<div id=\"ngg-image-14\" class=\"ngg-gallery-thumbnail-box\" style=\"display: none;\">\n\t\t\t\t        <div class=\"ngg-gallery-thumbnail\">\n            <a href=\"https:\/\/martcraft.eu\/wp-content\/gallery\/konserwacja-oltarza\/ZDJECIE-W-TRAKCIE-PRACY-USUWANIE-WTORNYCH-PRZEMALOWAN-Z-NASTAWY-OLTARZOWEJ.jpg\"\n               title=\"\"\n               data-src=\"https:\/\/martcraft.eu\/wp-content\/gallery\/konserwacja-oltarza\/ZDJECIE-W-TRAKCIE-PRACY-USUWANIE-WTORNYCH-PRZEMALOWAN-Z-NASTAWY-OLTARZOWEJ.jpg\"\n               data-thumbnail=\"https:\/\/martcraft.eu\/wp-content\/gallery\/konserwacja-oltarza\/thumbs\/thumbs_ZDJECIE-W-TRAKCIE-PRACY-USUWANIE-WTORNYCH-PRZEMALOWAN-Z-NASTAWY-OLTARZOWEJ.jpg\"\n               data-image-id=\"652\"\n               data-title=\"ZDJECIE-W-TRAKCIE-PRACY-USUWANIE-WTORNYCH-PRZEMALOWAN-Z-NASTAWY-OLTARZOWEJ\"\n               data-description=\"\"\n               data-image-slug=\"zdjecie-w-trakcie-pracy-usuwanie-wtornych-przemalowan-z-nastawy-oltarzowej\"\n               class=\"ngg-simplelightbox\" rel=\"a9da136992ff989a6682ef0bee543ba9\">\n                <img\n                    title=\"ZDJECIE-W-TRAKCIE-PRACY-USUWANIE-WTORNYCH-PRZEMALOWAN-Z-NASTAWY-OLTARZOWEJ\"\n                    alt=\"ZDJECIE-W-TRAKCIE-PRACY-USUWANIE-WTORNYCH-PRZEMALOWAN-Z-NASTAWY-OLTARZOWEJ\"\n                    src=\"https:\/\/martcraft.eu\/wp-content\/gallery\/konserwacja-oltarza\/thumbs\/thumbs_ZDJECIE-W-TRAKCIE-PRACY-USUWANIE-WTORNYCH-PRZEMALOWAN-Z-NASTAWY-OLTARZOWEJ.jpg\"\n                    width=\"240\"\n                    height=\"160\"\n                    style=\"max-width:100%;\"\n                \/>\n            <\/a>\n        <\/div>\n\t\t\t\t\t\t\t<\/div> \n\t\t\t\n        \n\t\t\n\t\t<!-- Pagination -->\n\t<div class='ngg-navigation'><span class='current'>1<\/span>\n<a class='page-numbers' data-pageid='2' href='https:\/\/martcraft.eu\/index.php\/oltarza\/nggallery\/page\/2'>2<\/a>\n<a class='prev' href='https:\/\/martcraft.eu\/index.php\/oltarza\/nggallery\/page\/2' data-pageid=2>&#9658;<\/a><\/div>\t<\/div>\n\n","protected":false},"excerpt":{"rendered":"<p>\u2003\u2003\u2003\u2003Konserwacja o\u0142tarza g\u0142\u00f3wnego w ko\u015bciele p.w. Nawiedzenia NMP i \u015aw. Miko\u0142aja w Czermnie obejmowa\u0142a nastaw\u0119 drewnian\u0105, z\u0142ocon\u0105 i polichromowan\u0105, kamienn\u0105 mens\u0119 sarkofagow\u0105, tabernakulum, dwie polichromowane rze\u017aby oraz obraz olejny autorstwa Boles\u0142awa \u0141aszczy\u0144skiego.<\/p>\n","protected":false},"author":1,"featured_media":0,"parent":0,"menu_order":0,"comment_status":"closed","ping_status":"closed","template":"","meta":{"ngg_post_thumbnail":0,"footnotes":""},"class_list":["post-54","page","type-page","status-publish","hentry"],"_links":{"self":[{"href":"https:\/\/martcraft.eu\/index.php\/wp-json\/wp\/v2\/pages\/54","targetHints":{"allow":["GET"]}}],"collection":[{"href":"https:\/\/martcraft.eu\/index.php\/wp-json\/wp\/v2\/pages"}],"about":[{"href":"https:\/\/martcraft.eu\/index.php\/wp-json\/wp\/v2\/types\/page"}],"author":[{"embeddable":true,"href":"https:\/\/martcraft.eu\/index.php\/wp-json\/wp\/v2\/users\/1"}],"replies":[{"embeddable":true,"href":"https:\/\/martcraft.eu\/index.php\/wp-json\/wp\/v2\/comments?post=54"}],"version-history":[{"count":4,"href":"https:\/\/martcraft.eu\/index.php\/wp-json\/wp\/v2\/pages\/54\/revisions"}],"predecessor-version":[{"id":1070,"href":"https:\/\/martcraft.eu\/index.php\/wp-json\/wp\/v2\/pages\/54\/revisions\/1070"}],"wp:attachment":[{"href":"https:\/\/martcraft.eu\/index.php\/wp-json\/wp\/v2\/media?parent=54"}],"curies":[{"name":"wp","href":"https:\/\/api.w.org\/{rel}","templated":true}]}}